{"id":55,"date":"2021-04-04T17:25:29","date_gmt":"2021-04-04T15:25:29","guid":{"rendered":"http:\/\/mrlbare.cluster030.hosting.ovh.net\/?page_id=55"},"modified":"2021-05-02T18:17:00","modified_gmt":"2021-05-02T16:17:00","slug":"publications","status":"publish","type":"page","link":"https:\/\/ajoc.fr\/index.php\/publications\/","title":{"rendered":"Publications"},"content":{"rendered":"\n<div class=\"wp-block-columns\">\n<div class=\"wp-block-column\">\n<h3><strong>\u00ab\u00a0La m\u00e9moire des mots\u00a0\u00bb<\/strong><\/h3>\n\n\n\n<p>Un ouvrage d&rsquo;un genre nouveau, un ouvrage sur le dialecte, les dictons, les expressions, les injures et les chansonnettes de Constantine. Livre \u00e9crit par Maurice TAIEB. <a rel=\"noreferrer noopener\" href=\"\/docassoc\/memoire_des_mots.pdf\" target=\"_blank\">T\u00e9moignages et bon de commande \u00e0 t\u00e9l\u00e9charger.<\/a><\/p>\n\n\n\n<h3><strong>Ouvrages sur Constantine<\/strong><\/h3>\n\n\n\n<p>Vous trouverez dans le document ci-joint diff\u00e9rents livres sur Constantine : <a href=\"\/docassoc\/livres_constantine.pdf\" target=\"_blank\" rel=\"noreferrer noopener\">cliquer ici.<\/a><\/p>\n\n\n\n<h3><strong>Article sur la d\u00e9portation des juifs de Constantine<\/strong><\/h3>\n\n\n\n<p>Vous trouverez dans le document ci-joint l&rsquo;article r\u00e9dig\u00e9 par Jean Laloum : <a href=\"\/docassoc\/deportation_des_Juifs_natifs_de_Constantine_Jean_Laloum.pdf\">lire l&rsquo;article.<\/a><\/p>\n\n\n\n<h3><strong>Journal des Tournelles &#8211; les juifs du constantinois<\/strong><\/h3>\n\n\n\n<p><a href=\"\/docassoc\/tournelles_ceux_du_constantinois_laloum.pdf\" target=\"_blank\" rel=\"noreferrer noopener\">Cliquer pour lire le journal.<\/a><\/p>\n<\/div>\n\n\n\n<div class=\"wp-block-column\">\n<figure class=\"wp-block-image size-large\"><img loading=\"lazy\" width=\"1024\" height=\"678\" src=\"http:\/\/mrlbare.cluster030.hosting.ovh.net\/wp-content\/uploads\/2021\/04\/stack-letters-447579_19201-1024x678.jpg\" alt=\"\" class=\"wp-image-208\" srcset=\"https:\/\/ajoc.fr\/wp-content\/uploads\/2021\/04\/stack-letters-447579_19201-1024x678.jpg 1024w, https:\/\/ajoc.fr\/wp-content\/uploads\/2021\/04\/stack-letters-447579_19201-300x199.jpg 300w, https:\/\/ajoc.fr\/wp-content\/uploads\/2021\/04\/stack-letters-447579_19201-768x508.jpg 768w, https:\/\/ajoc.fr\/wp-content\/uploads\/2021\/04\/stack-letters-447579_19201-1536x1017.jpg 1536w, https:\/\/ajoc.fr\/wp-content\/uploads\/2021\/04\/stack-letters-447579_19201.jpg 1920w\" sizes=\"(max-width: 1024px) 100vw, 1024px\" \/><\/figure>\n<\/div>\n<\/div>\n\n\n\n<h3><strong>Po\u00e8me sur Pourim<\/strong><\/h3>\n\n\n\n<p>Par Pierre Rapha\u00ebl Dra\u00ef : <a href=\"\/docassoc\/POEME DE POURIM.pdf\">cliquer ici pour lire le po\u00e8me<\/a>.<\/p>\n\n\n\n<h3><strong>Epilogue des incidents de Constantine<\/strong><\/h3>\n\n\n\n<p><a href=\"\/docassoc\/AOUT 1934.pdf\" target=\"_blank\" rel=\"noreferrer noopener\">Cliquer ici pour lire l&rsquo;article.<\/a><\/p>\n","protected":false},"excerpt":{"rendered":"<p>\u00ab\u00a0La m\u00e9moire des mots\u00a0\u00bb Un ouvrage d&rsquo;un genre nouveau, un ouvrage sur le dialecte, les dictons, les expressions, les injures et les chansonnettes de Constantine. Livre \u00e9crit par Maurice TAIEB. T\u00e9moignages et bon de commande \u00e0 t\u00e9l\u00e9charger. Ouvrages sur Constantine Vous trouverez dans le document ci-joint diff\u00e9rents livres sur Constantine : cliquer ici. Article sur la d\u00e9portation des juifs de Constantine Vous trouverez dans le document ci-joint l&rsquo;article r\u00e9dig\u00e9 par Jean Laloum : lire l&rsquo;article. Journal des Tournelles &#8211; les juifs du constantinois Cliquer pour lire le journal. Po\u00e8me sur Pourim Par Pierre Rapha\u00ebl Dra\u00ef : cliquer ici pour lire&#8230; <\/p>\n","protected":false},"author":1,"featured_media":0,"parent":0,"menu_order":0,"comment_status":"closed","ping_status":"closed","template":"template-full-width.php","meta":[],"_links":{"self":[{"href":"https:\/\/ajoc.fr\/index.php\/wp-json\/wp\/v2\/pages\/55"}],"collection":[{"href":"https:\/\/ajoc.fr\/index.php\/wp-json\/wp\/v2\/pages"}],"about":[{"href":"https:\/\/ajoc.fr\/index.php\/wp-json\/wp\/v2\/types\/page"}],"author":[{"embeddable":true,"href":"https:\/\/ajoc.fr\/index.php\/wp-json\/wp\/v2\/users\/1"}],"replies":[{"embeddable":true,"href":"https:\/\/ajoc.fr\/index.php\/wp-json\/wp\/v2\/comments?post=55"}],"version-history":[{"count":8,"href":"https:\/\/ajoc.fr\/index.php\/wp-json\/wp\/v2\/pages\/55\/revisions"}],"predecessor-version":[{"id":315,"href":"https:\/\/ajoc.fr\/index.php\/wp-json\/wp\/v2\/pages\/55\/revisions\/315"}],"wp:attachment":[{"href":"https:\/\/ajoc.fr\/index.php\/wp-json\/wp\/v2\/media?parent=55"}],"curies":[{"name":"wp","href":"https:\/\/api.w.org\/{rel}","templated":true}]}}