{"id":70,"date":"2021-04-04T17:30:25","date_gmt":"2021-04-04T15:30:25","guid":{"rendered":"http:\/\/mrlbare.cluster030.hosting.ovh.net\/?page_id=70"},"modified":"2021-04-13T17:07:36","modified_gmt":"2021-04-13T15:07:36","slug":"liens","status":"publish","type":"page","link":"https:\/\/ajoc.fr\/index.php\/liens\/","title":{"rendered":"Liens"},"content":{"rendered":"\n<p>Par l&rsquo;interm\u00e9diaire de notre site, nous vous proposons d&rsquo;acc\u00e9der \u00e0 d&rsquo;autres sites :<\/p>\n\n\n\n<div class=\"wp-block-columns\">\n<div class=\"wp-block-column\">\n<p><a rel=\"noreferrer noopener\" href=\"http:\/\/constantine-tefilot.com\/a-propos\/\" target=\"_blank\"><strong>Constantine vue par Benjamin Meir Khalifa<\/strong><\/a><br><a rel=\"noreferrer noopener\" href=\"https:\/\/soundcloud.com\/constantine-tefilot\" target=\"_blank\"><strong>&lsquo;Hazanoute constantinoise<\/strong><\/a><br><a rel=\"noreferrer noopener\" href=\"http:\/\/pagesperso-orange.fr\/mamie.colette\" target=\"_blank\">Mamie Colette<\/a><br><a rel=\"noreferrer noopener\" href=\"http:\/\/www.altaiir-enricomacias.com\" target=\"_blank\">Enrico Macias<\/a><br><a rel=\"noreferrer noopener\" href=\"https:\/\/synatournelles.fr\" target=\"_blank\">Synagogue des Tournelles<\/a><br><a rel=\"noreferrer noopener\" href=\"http:\/\/www.rachisyna3.info\" target=\"_blank\">Synagogue Rachi \u00e0 Troyes<\/a><br><a rel=\"noreferrer noopener\" href=\"http:\/\/www.musique-constantinoise.fr.st\/\" target=\"_blank\">Musique constantinoise<\/a><br><a rel=\"noreferrer noopener\" href=\"http:\/\/www.shalom-israel.info\/index.html\" target=\"_blank\">Chalom Isra\u00ebl<\/a><br><a rel=\"noreferrer noopener\" href=\"http:\/\/www.mazaltovisrael.com\" target=\"_blank\">Mazal tov<\/a><br><a rel=\"noreferrer noopener\" href=\"http:\/\/www.culture-juive.fr\/\" target=\"_blank\">Centre Rachi<\/a><br><a rel=\"noreferrer noopener\" href=\"http:\/\/www.akadem.org\/\" target=\"_blank\">Akadem<\/a><br><a rel=\"noreferrer noopener\" href=\"http:\/\/www.lavictoire.org\" target=\"_blank\">Grande Synagogue de Paris<\/a><br><a rel=\"noreferrer noopener\" href=\"http:\/\/www.radiorcj.com\/\" target=\"_blank\">Radio RCJ<\/a><br><a rel=\"noreferrer noopener\" href=\"http:\/\/www.kkl.fr\/\" target=\"_blank\">KKL<\/a><br><a rel=\"noreferrer noopener\" href=\"http:\/\/www.crif.org\/?page=accueil\/main\" target=\"_blank\">CRIF<\/a><\/p>\n\n\n\n<p><\/p>\n<\/div>\n\n\n\n<div class=\"wp-block-column\">\n<p><a rel=\"noreferrer noopener\" href=\"http:\/\/www.consistoire.org\/\" target=\"_blank\">Consistoire de Paris<\/a><br><a rel=\"noreferrer noopener\" href=\"http:\/\/www.consistoiredefrance.fr\/\" target=\"_blank\">Consistoire Central<\/a><br><a rel=\"noreferrer noopener\" href=\"http:\/\/www.amb-israel.fr\/\" target=\"_blank\">Ambassade d&rsquo;Isra\u00ebl en France<\/a><br><a rel=\"noreferrer noopener\" href=\"http:\/\/www.fsju.org\/\" target=\"_blank\">FSJU<\/a><br><a rel=\"noreferrer noopener\" href=\"http:\/\/www.engival.fr\/constantine.htm\" target=\"_blank\">Ville de Constantine<\/a><br><a rel=\"noreferrer noopener\" href=\"http:\/\/www.prevenance.org\" target=\"_blank\">FSJU &#8211; Pr\u00e9venance<\/a><br><a rel=\"noreferrer noopener\" href=\"http:\/\/www.thekotel.org\/\" target=\"_blank\">Le Kotel \u00e0 J\u00e9rusalem<\/a><br><a rel=\"noreferrer noopener\" href=\"http:\/\/www.synaneuilly.com\/\" target=\"_blank\">Synagogue de Neuilly<\/a><br><a rel=\"noreferrer noopener\" href=\"http:\/\/www.desinfos.com\" target=\"_blank\">Des infos<\/a><br><a rel=\"noreferrer noopener\" href=\"http:\/\/www.mahj.org\" target=\"_blank\">Mus\u00e9e d&rsquo;art et d&rsquo;histoire du juda\u00efsme<\/a><br><a rel=\"noreferrer noopener\" href=\"http:\/\/www.fondationfranceisrael.org\/\" target=\"_blank\">Fondation France Isra\u00ebl<\/a><br><a rel=\"noreferrer noopener\" href=\"http:\/\/www.hadassah.fr\/\" target=\"_blank\">Hadassah France<\/a><br><a rel=\"noreferrer noopener\" href=\"http:\/\/www.morial.fr\/\" target=\"_blank\">M\u00e9moire et Traditions des Juifs d&rsquo;Alg\u00e9rie<\/a><\/p>\n<\/div>\n<\/div>\n","protected":false},"excerpt":{"rendered":"<p>Par l&rsquo;interm\u00e9diaire de notre site, nous vous proposons d&rsquo;acc\u00e9der \u00e0 d&rsquo;autres sites : Constantine vue par Benjamin Meir Khalifa&lsquo;Hazanoute constantinoiseMamie ColetteEnrico MaciasSynagogue des TournellesSynagogue Rachi \u00e0 TroyesMusique constantinoiseChalom Isra\u00eblMazal tovCentre RachiAkademGrande Synagogue de ParisRadio RCJKKLCRIF Consistoire de ParisConsistoire CentralAmbassade d&rsquo;Isra\u00ebl en FranceFSJUVille de ConstantineFSJU &#8211; Pr\u00e9venanceLe Kotel \u00e0 J\u00e9rusalemSynagogue de NeuillyDes infosMus\u00e9e d&rsquo;art et d&rsquo;histoire du juda\u00efsmeFondation France Isra\u00eblHadassah FranceM\u00e9moire et Traditions des Juifs d&rsquo;Alg\u00e9rie<\/p>\n","protected":false},"author":1,"featured_media":0,"parent":0,"menu_order":0,"comment_status":"closed","ping_status":"closed","template":"template-full-width.php","meta":[],"_links":{"self":[{"href":"https:\/\/ajoc.fr\/index.php\/wp-json\/wp\/v2\/pages\/70"}],"collection":[{"href":"https:\/\/ajoc.fr\/index.php\/wp-json\/wp\/v2\/pages"}],"about":[{"href":"https:\/\/ajoc.fr\/index.php\/wp-json\/wp\/v2\/types\/page"}],"author":[{"embeddable":true,"href":"https:\/\/ajoc.fr\/index.php\/wp-json\/wp\/v2\/users\/1"}],"replies":[{"embeddable":true,"href":"https:\/\/ajoc.fr\/index.php\/wp-json\/wp\/v2\/comments?post=70"}],"version-history":[{"count":6,"href":"https:\/\/ajoc.fr\/index.php\/wp-json\/wp\/v2\/pages\/70\/revisions"}],"predecessor-version":[{"id":206,"href":"https:\/\/ajoc.fr\/index.php\/wp-json\/wp\/v2\/pages\/70\/revisions\/206"}],"wp:attachment":[{"href":"https:\/\/ajoc.fr\/index.php\/wp-json\/wp\/v2\/media?parent=70"}],"curies":[{"name":"wp","href":"https:\/\/api.w.org\/{rel}","templated":true}]}}